{"id":55,"date":"2019-01-12T16:31:46","date_gmt":"2019-01-12T15:31:46","guid":{"rendered":"http:\/\/kubik-elektro.cz\/domains\/kubik-elektro.cz\/?page_id=55"},"modified":"2023-01-03T18:50:02","modified_gmt":"2023-01-03T17:50:02","slug":"elektroinstalace","status":"publish","type":"page","link":"http:\/\/kubik-elektro.cz\/domains\/kubik-elektro.cz\/elektroinstalace\/","title":{"rendered":"Instalace"},"content":{"rendered":"\n<p class=\"has-very-light-gray-background-color has-background\"><strong>Prov\u00e1d\u00edme rekonstrukce i nov\u00e9 elektroinstalace v rodinn\u00fdch, bytov\u00fdch i komer\u010dn\u00edch domech. Spolehliv\u011b provedeme p\u0159ipojen\u00ed dom\u00e1c\u00edch elektrick\u00fdch spot\u0159ebi\u010d\u016f a p\u0159\u00edstroj\u016f (varn\u00e9 desky, digesto\u0159e apod.).<\/strong><\/p>\n\n\n\n<p class=\"has-very-light-gray-background-color has-background\">Elektroinstalace v ka\u017ed\u00e9m dom\u011b mus\u00ed b\u00fdt hlavn\u011b bezpe\u010dn\u00e1, mus\u00ed b\u00fdt ale i nen\u00e1padn\u00e1, aby neru\u0161ila celkov\u00fd vzhled dan\u00e9ho prostoru. Doporu\u010dujeme v\u0161em, aby pro ve\u0161kerou \u010dinnost, kter\u00e1 se t\u00fdk\u00e1 elekt\u0159iny, vyu\u017eili slu\u017eeb odborn\u00edk\u016f, nebo\u0165 jak\u00e9koliv z\u00e1sahy laika do elektrick\u00e9 instalace mohou m\u00edt nedoz\u00edrn\u00e9 n\u00e1sledky.<\/p>\n\n\n\n<p class=\"has-very-light-gray-background-color has-background\">Mezi nej\u010dast\u011bj\u0161\u00ed probl\u00e9my v elektroinstalaci pat\u0159\u00ed zejm\u00e9na ve star\u00fdch domech nedostatek z\u00e1suvek. Z\u00e1suvkov\u00e9 obvody b\u00fdvaj\u00ed \u010dasto poddimenzovan\u00e9 a nezvl\u00e1daj\u00ed po\u017eadovanou z\u00e1t\u011b\u017e. Pak se st\u00e1v\u00e1, \u017ee jisti\u010de, n\u011bkdy i pojistky tzv. vypad\u00e1vaj\u00ed, veden\u00ed se zah\u0159\u00edv\u00e1 a m\u016f\u017ee snadno doj\u00edt k zaho\u0159en\u00ed nevyhovuj\u00edc\u00ed instalace.<\/p>\n\n\n\n<p class=\"has-very-dark-gray-color has-very-light-gray-background-color has-text-color has-background\">Pokud pot\u0159ebujete novou elektroinstalaci, rozvrhneme ji ve va\u0161em dom\u011b tak, aby nemohl nastat \u017e\u00e1dn\u00fd probl\u00e9m. Pamatujte, \u017ee jde o slo\u017eitou problematiku, kterou je t\u0159eba sv\u011b\u0159it profesion\u00e1l\u016fm.<\/p>\n","protected":false},"excerpt":{"rendered":"<p>Prov\u00e1d\u00edme rekonstrukce i nov\u00e9 elektroinstalace v rodinn\u00fdch, bytov\u00fdch i komer\u010dn\u00edch domech. Spolehliv\u011b provedeme p\u0159ipojen\u00ed dom\u00e1c\u00edch elektrick\u00fdch spot\u0159ebi\u010d\u016f a p\u0159\u00edstroj\u016f (varn\u00e9<\/p>\n","protected":false},"author":1,"featured_media":0,"parent":0,"menu_order":0,"comment_status":"closed","ping_status":"closed","template":"","meta":[],"_links":{"self":[{"href":"http:\/\/kubik-elektro.cz\/domains\/kubik-elektro.cz\/wp-json\/wp\/v2\/pages\/55"}],"collection":[{"href":"http:\/\/kubik-elektro.cz\/domains\/kubik-elektro.cz\/wp-json\/wp\/v2\/pages"}],"about":[{"href":"http:\/\/kubik-elektro.cz\/domains\/kubik-elektro.cz\/wp-json\/wp\/v2\/types\/page"}],"author":[{"embeddable":true,"href":"http:\/\/kubik-elektro.cz\/domains\/kubik-elektro.cz\/wp-json\/wp\/v2\/users\/1"}],"replies":[{"embeddable":true,"href":"http:\/\/kubik-elektro.cz\/domains\/kubik-elektro.cz\/wp-json\/wp\/v2\/comments?post=55"}],"version-history":[{"count":10,"href":"http:\/\/kubik-elektro.cz\/domains\/kubik-elektro.cz\/wp-json\/wp\/v2\/pages\/55\/revisions"}],"predecessor-version":[{"id":576,"href":"http:\/\/kubik-elektro.cz\/domains\/kubik-elektro.cz\/wp-json\/wp\/v2\/pages\/55\/revisions\/576"}],"wp:attachment":[{"href":"http:\/\/kubik-elektro.cz\/domains\/kubik-elektro.cz\/wp-json\/wp\/v2\/media?parent=55"}],"curies":[{"name":"wp","href":"https:\/\/api.w.org\/{rel}","templated":true}]}}

<p class="has-very-light-gray-background-color has-background"><strong>Provádíme rekonstrukce i nové elektroinstalace v rodinných, bytových i komerčních domech. Spolehlivě provedeme připojení domácích elektrických spotřebičů a přístrojů (varné desky, digestoře apod.).</strong></p>



<p class="has-very-light-gray-background-color has-background">Elektroinstalace v každém domě musí být hlavně bezpečná, musí být ale i nenápadná, aby nerušila celkový vzhled daného prostoru. Doporučujeme všem, aby pro veškerou činnost, která se týká elektřiny, využili služeb odborníků, neboť jakékoliv zásahy laika do elektrické instalace mohou mít nedozírné následky.</p>



<p class="has-very-light-gray-background-color has-background">Mezi nejčastější problémy v elektroinstalaci patří zejména ve starých domech nedostatek zásuvek. Zásuvkové obvody bývají často poddimenzované a nezvládají požadovanou zátěž. Pak se stává, že jističe, někdy i pojistky tzv. vypadávají, vedení se zahřívá a může snadno dojít k zahoření nevyhovující instalace.</p>



<p class="has-very-dark-gray-color has-very-light-gray-background-color has-text-color has-background">Pokud potřebujete novou elektroinstalaci, rozvrhneme ji ve vašem domě tak, aby nemohl nastat žádný problém. Pamatujte, že jde o složitou problematiku, kterou je třeba svěřit profesionálům.</p>

<p>Provádíme rekonstrukce i nové elektroinstalace v rodinných, bytových i komerčních domech. Spolehlivě provedeme připojení domácích elektrických spotřebičů a přístrojů (varné</p>
