{"id":61,"date":"2019-01-12T16:32:44","date_gmt":"2019-01-12T15:32:44","guid":{"rendered":"http:\/\/kubik-elektro.cz\/domains\/kubik-elektro.cz\/?page_id=61"},"modified":"2019-01-15T06:12:23","modified_gmt":"2019-01-15T05:12:23","slug":"opravy","status":"publish","type":"page","link":"http:\/\/kubik-elektro.cz\/domains\/kubik-elektro.cz\/opravy\/","title":{"rendered":"Opravy"},"content":{"rendered":"\n<ul><li><b>Prov\u00e1d\u00edme opravy:<\/b><\/li><li>elektroinstalace &#8211; z\u00e1suvky, vyp\u00edna\u010de, jisti\u010de, osv\u011btlen\u00ed<\/li><li>topen\u00ed &#8211; ob\u011bhov\u00e1 \u010derpadla, termostaty<\/li><li>oh\u0159\u00edva\u010de vody &#8211; termostaty, topn\u00e1 t\u011blesa<\/li><li>elektrokotle<\/li><li><\/li><\/ul>\n\n\n\n<p><\/p>\n","protected":false},"excerpt":{"rendered":"<p>Prov\u00e1d\u00edme opravy: elektroinstalace &#8211; z\u00e1suvky, vyp\u00edna\u010de, jisti\u010de, osv\u011btlen\u00ed topen\u00ed &#8211; ob\u011bhov\u00e1 \u010derpadla, termostaty oh\u0159\u00edva\u010de vody &#8211; termostaty, topn\u00e1 t\u011blesa elektrokotle<\/p>\n","protected":false},"author":1,"featured_media":0,"parent":0,"menu_order":0,"comment_status":"closed","ping_status":"closed","template":"","meta":[],"_links":{"self":[{"href":"http:\/\/kubik-elektro.cz\/domains\/kubik-elektro.cz\/wp-json\/wp\/v2\/pages\/61"}],"collection":[{"href":"http:\/\/kubik-elektro.cz\/domains\/kubik-elektro.cz\/wp-json\/wp\/v2\/pages"}],"about":[{"href":"http:\/\/kubik-elektro.cz\/domains\/kubik-elektro.cz\/wp-json\/wp\/v2\/types\/page"}],"author":[{"embeddable":true,"href":"http:\/\/kubik-elektro.cz\/domains\/kubik-elektro.cz\/wp-json\/wp\/v2\/users\/1"}],"replies":[{"embeddable":true,"href":"http:\/\/kubik-elektro.cz\/domains\/kubik-elektro.cz\/wp-json\/wp\/v2\/comments?post=61"}],"version-history":[{"count":4,"href":"http:\/\/kubik-elektro.cz\/domains\/kubik-elektro.cz\/wp-json\/wp\/v2\/pages\/61\/revisions"}],"predecessor-version":[{"id":278,"href":"http:\/\/kubik-elektro.cz\/domains\/kubik-elektro.cz\/wp-json\/wp\/v2\/pages\/61\/revisions\/278"}],"wp:attachment":[{"href":"http:\/\/kubik-elektro.cz\/domains\/kubik-elektro.cz\/wp-json\/wp\/v2\/media?parent=61"}],"curies":[{"name":"wp","href":"https:\/\/api.w.org\/{rel}","templated":true}]}}

<ul><li><b>Provádíme opravy:</b></li><li>elektroinstalace &#8211; zásuvky, vypínače, jističe, osvětlení</li><li>topení &#8211; oběhová čerpadla, termostaty</li><li>ohřívače vody &#8211; termostaty, topná tělesa</li><li>elektrokotle</li><li></li></ul>



<p></p>

<p>Provádíme opravy: elektroinstalace &#8211; zásuvky, vypínače, jističe, osvětlení topení &#8211; oběhová čerpadla, termostaty ohřívače vody &#8211; termostaty, topná tělesa elektrokotle</p>
