{"id":70,"date":"2019-01-12T16:35:41","date_gmt":"2019-01-12T15:35:41","guid":{"rendered":"http:\/\/kubik-elektro.cz\/domains\/kubik-elektro.cz\/?page_id=70"},"modified":"2025-09-23T09:24:04","modified_gmt":"2025-09-23T07:24:04","slug":"kamerove-systemy","status":"publish","type":"page","link":"http:\/\/kubik-elektro.cz\/domains\/kubik-elektro.cz\/kamerove-systemy\/","title":{"rendered":"Prodej"},"content":{"rendered":"\n<p class=\"has-black-color has-white-background-color has-text-color has-background\"><strong>Objedn\u00e1vky zas\u00edlejte na e-mail: <a href=\"mailto:kubik-elektro@seznam.cz\">kubik-elektro@seznam.cz<\/a> , nebo telefon:  606 442270<\/strong><\/p>\n\n\n\n<ul><li>Prod\u00e1v\u00e1me elektromateri\u00e1l &#8211; za\u0161lete popt\u00e1vku<\/li><\/ul>\n\n\n\n<p><\/p>\n\n\n\n<p><\/p>\n\n\n\n<p><\/p>\n\n\n\n<p class=\"has-small-font-size\"><\/p>\n","protected":false},"excerpt":{"rendered":"<p>Objedn\u00e1vky zas\u00edlejte na e-mail: kubik-elektro@seznam.cz , nebo telefon: 606 442270 Prod\u00e1v\u00e1me elektromateri\u00e1l &#8211; za\u0161lete popt\u00e1vku<\/p>\n","protected":false},"author":1,"featured_media":0,"parent":0,"menu_order":0,"comment_status":"closed","ping_status":"closed","template":"","meta":[],"_links":{"self":[{"href":"http:\/\/kubik-elektro.cz\/domains\/kubik-elektro.cz\/wp-json\/wp\/v2\/pages\/70"}],"collection":[{"href":"http:\/\/kubik-elektro.cz\/domains\/kubik-elektro.cz\/wp-json\/wp\/v2\/pages"}],"about":[{"href":"http:\/\/kubik-elektro.cz\/domains\/kubik-elektro.cz\/wp-json\/wp\/v2\/types\/page"}],"author":[{"embeddable":true,"href":"http:\/\/kubik-elektro.cz\/domains\/kubik-elektro.cz\/wp-json\/wp\/v2\/users\/1"}],"replies":[{"embeddable":true,"href":"http:\/\/kubik-elektro.cz\/domains\/kubik-elektro.cz\/wp-json\/wp\/v2\/comments?post=70"}],"version-history":[{"count":50,"href":"http:\/\/kubik-elektro.cz\/domains\/kubik-elektro.cz\/wp-json\/wp\/v2\/pages\/70\/revisions"}],"predecessor-version":[{"id":700,"href":"http:\/\/kubik-elektro.cz\/domains\/kubik-elektro.cz\/wp-json\/wp\/v2\/pages\/70\/revisions\/700"}],"wp:attachment":[{"href":"http:\/\/kubik-elektro.cz\/domains\/kubik-elektro.cz\/wp-json\/wp\/v2\/media?parent=70"}],"curies":[{"name":"wp","href":"https:\/\/api.w.org\/{rel}","templated":true}]}}

<p class="has-black-color has-white-background-color has-text-color has-background"><strong>Objednávky zasílejte na e-mail: <a href="mailto:kubik-elektro@seznam.cz">kubik-elektro@seznam.cz</a> , nebo telefon:  606 442270</strong></p>



<ul><li>Prodáváme elektromateriál &#8211; zašlete poptávku</li></ul>



<p></p>



<p></p>



<p></p>



<p class="has-small-font-size"></p>

<p>Objednávky zasílejte na e-mail: kubik-elektro@seznam.cz , nebo telefon: 606 442270 Prodáváme elektromateriál &#8211; zašlete poptávku</p>
