{"id":8,"date":"2019-01-12T14:26:45","date_gmt":"2019-01-12T13:26:45","guid":{"rendered":"http:\/\/kubik-elektro.cz\/domains\/kubik-elektro.cz\/?page_id=8"},"modified":"2025-09-23T09:17:11","modified_gmt":"2025-09-23T07:17:11","slug":"domu","status":"publish","type":"page","link":"https:\/\/kubik-elektro.cz\/domains\/kubik-elektro.cz\/","title":{"rendered":"Z\u00e1kladn\u00ed nab\u00eddka"},"content":{"rendered":"\n<p class=\"has-text-align-center has-vivid-red-color has-text-color has-medium-font-size\"><strong>Kompletn\u00ed domovn\u00ed i pr\u016fmyslov\u00e9 elektroinstalace a revize.&nbsp;<\/strong> <strong>P\u016fj\u010dovna n\u00e1\u0159ad\u00ed.<\/strong><\/p>\n\n\n\n<ul class=\"has-black-color has-text-color has-background\" style=\"background:linear-gradient(187deg,rgb(252,185,0) 100%,rgba(204,255,0,0.12) 100%);font-size:16px\"><li><\/li><li><strong>Revize v objektech t\u0159. A, B<\/strong> \u00a0(prostory bez nebezpe\u010d\u00ed a s nebezpe\u010d\u00edm v\u00fdbuchu)<\/li><li>&#8211;\u00a0<strong> instalace, hromosvody, stroje a za\u0159\u00edzen\u00ed, spot\u0159ebi\u010de, n\u00e1\u0159ad\u00ed, zdravotn\u00ed p\u0159\u00edstroje<\/strong><\/li><li>  <\/li><\/ul>\n\n\n\n<ul class=\"has-pale-cyan-blue-background-color has-background\"><li><strong>Mont\u00e1\u017ee a opravy\u00a0 elektroinstalace, osv\u011btlen\u00ed, dom\u00e1c\u00edch spot\u0159ebi\u010d\u016f, stroj\u016f a za\u0159\u00edzen\u00ed<\/strong><\/li><li><strong>Zabezpe\u010dovac\u00ed syst\u00e9my<\/strong><\/li><\/ul>\n\n\n\n<ul class=\"has-background\" style=\"background:linear-gradient(90deg,rgb(122,220,180) 83%,rgb(0,208,130) 100%)\"><li><strong>\u010cEZ, EGD &#8211; p\u0159\u00edpojky: mont\u00e1\u017ee a revize pro p\u0159ipojen\u00ed<\/strong><\/li><li><strong>\u00fapravy elektrom\u011brov\u00fdch rozvad\u011b\u010d\u016f pro zm\u011bnu sazby pro bojlery, tepeln\u00e1 \u010derpadla, fotovoltaiku<\/strong><\/li><\/ul>\n\n\n\n<ul class=\"has-electric-grass-gradient-background has-background\"><li><strong>elektrokotle<\/strong> &#8211; Protherm &#8211; autorizovan\u00fd servis<\/li><li><strong>EZS<\/strong> &#8211; elektronick\u00e9 zabezpe\u010dovac\u00ed syst\u00e9my<\/li><li><strong>kamerov\u00e9 syst\u00e9my<\/strong><\/li><li><strong>IT s\u00edt\u011b<\/strong><\/li><li><strong>regulace topen\u00ed, ovl\u00e1d\u00e1n\u00ed za\u0159\u00edzen\u00ed a&nbsp; spot\u0159ebi\u010d\u016f GSM, WiFi<\/strong><\/li><\/ul>\n\n\n\n<ul class=\"has-pale-cyan-blue-background-color has-background\"><li><strong>Elektrotechnick\u00e1 dokumentace<\/strong><\/li><li>Nem\u00e1te dokumentaci elektroinstalace, rozvod\u016f, rozv\u00e1d\u011b\u010d\u016f ?<\/li><li>Kusov\u00e9 zkou\u0161ky rozv\u00e1d\u011b\u010d\u016f v\u010detn\u011b \u0161t\u00edtku<\/li><li>Vypracujeme elektrotechnick\u00e1 sch\u00e9ma jednop\u00f3lov\u00fdch, technologick\u00fdch, liniov\u00fdch, rozv\u00e1d\u011b\u010d\u016f a instala\u010dn\u00edch v\u00fdkres\u016f<\/li><\/ul>\n\n\n\n<h1 class=\"has-light-green-cyan-background-color has-background has-small-font-size\"><\/h1>\n\n\n\n<ul class=\"has-background\" style=\"background:linear-gradient(135deg,rgb(255,245,203) 0%,rgb(182,227,212) 100%,rgb(51,167,181) 100%)\"><li><strong>P\u016fj\u010dovna n\u00e1\u0159ad\u00ed<\/strong><\/li><li><strong>vrtac\u00ed, bourac\u00ed kladiva atd.<\/strong><\/li><li><strong>fr\u00e9za na dr\u00e1\u017ekov\u00e1n\u00ed zdiva<\/strong> <strong>IMPEX ST67<\/strong><\/li><li><strong>prod\u00e1v\u00e1me elektromateri\u00e1l<\/strong><\/li><\/ul>\n\n\n\n<ul class=\"has-very-light-gray-to-cyan-bluish-gray-gradient-background has-background\"><li><strong>Telefon: 606 442270<\/strong><\/li><li>e-mail: <a href=\"mailto:kubik-elektro@seznam.cz\"><strong>kubik-elektro@seznam.cz<\/strong><\/a><\/li><li>Ku\u0148ovice 13<\/li><li>25765 \u010cechtice<\/li><li><\/li><\/ul>\n\n\n\n<div class=\"wp-block-media-text alignwide\"><figure class=\"wp-block-media-text__media\"><\/figure><div class=\"wp-block-media-text__content\">\n<p><\/p>\n<\/div><\/div>\n","protected":false},"excerpt":{"rendered":"<p>Kompletn\u00ed domovn\u00ed i pr\u016fmyslov\u00e9 elektroinstalace a revize.&nbsp; P\u016fj\u010dovna n\u00e1\u0159ad\u00ed. Revize v objektech t\u0159. A, B \u00a0(prostory bez nebezpe\u010d\u00ed a s<\/p>\n","protected":false},"author":1,"featured_media":0,"parent":0,"menu_order":0,"comment_status":"closed","ping_status":"closed","template":"","meta":[],"_links":{"self":[{"href":"https:\/\/kubik-elektro.cz\/domains\/kubik-elektro.cz\/wp-json\/wp\/v2\/pages\/8"}],"collection":[{"href":"https:\/\/kubik-elektro.cz\/domains\/kubik-elektro.cz\/wp-json\/wp\/v2\/pages"}],"about":[{"href":"https:\/\/kubik-elektro.cz\/domains\/kubik-elektro.cz\/wp-json\/wp\/v2\/types\/page"}],"author":[{"embeddable":true,"href":"https:\/\/kubik-elektro.cz\/domains\/kubik-elektro.cz\/wp-json\/wp\/v2\/users\/1"}],"replies":[{"embeddable":true,"href":"https:\/\/kubik-elektro.cz\/domains\/kubik-elektro.cz\/wp-json\/wp\/v2\/comments?post=8"}],"version-history":[{"count":114,"href":"https:\/\/kubik-elektro.cz\/domains\/kubik-elektro.cz\/wp-json\/wp\/v2\/pages\/8\/revisions"}],"predecessor-version":[{"id":697,"href":"https:\/\/kubik-elektro.cz\/domains\/kubik-elektro.cz\/wp-json\/wp\/v2\/pages\/8\/revisions\/697"}],"wp:attachment":[{"href":"https:\/\/kubik-elektro.cz\/domains\/kubik-elektro.cz\/wp-json\/wp\/v2\/media?parent=8"}],"curies":[{"name":"wp","href":"https:\/\/api.w.org\/{rel}","templated":true}]}}

Základní nabídka

<p class="has-text-align-center has-vivid-red-color has-text-color has-medium-font-size"><strong>Kompletní domovní i průmyslové elektroinstalace a revize.&nbsp;</strong> <strong>Půjčovna nářadí.</strong></p>



<ul class="has-black-color has-text-color has-background" style="background:linear-gradient(187deg,rgb(252,185,0) 100%,rgba(204,255,0,0.12) 100%);font-size:16px"><li></li><li><strong>Revize v objektech tř. A, B</strong>  (prostory bez nebezpečí a s nebezpečím výbuchu)</li><li>&#8211; <strong> instalace, hromosvody, stroje a zařízení, spotřebiče, nářadí, zdravotní přístroje</strong></li><li>  </li></ul>



<ul class="has-pale-cyan-blue-background-color has-background"><li><strong>Montáže a opravy  elektroinstalace, osvětlení, domácích spotřebičů, strojů a zařízení</strong></li><li><strong>Zabezpečovací systémy</strong></li></ul>



<ul class="has-background" style="background:linear-gradient(90deg,rgb(122,220,180) 83%,rgb(0,208,130) 100%)"><li><strong>ČEZ, EGD &#8211; přípojky: montáže a revize pro připojení</strong></li><li><strong>úpravy elektroměrových rozvaděčů pro změnu sazby pro bojlery, tepelná čerpadla, fotovoltaiku</strong></li></ul>



<ul class="has-electric-grass-gradient-background has-background"><li><strong>elektrokotle</strong> &#8211; Protherm &#8211; autorizovaný servis</li><li><strong>EZS</strong> &#8211; elektronické zabezpečovací systémy</li><li><strong>kamerové systémy</strong></li><li><strong>IT sítě</strong></li><li><strong>regulace topení, ovládání zařízení a&nbsp; spotřebičů GSM, WiFi</strong></li></ul>



<ul class="has-pale-cyan-blue-background-color has-background"><li><strong>Elektrotechnická dokumentace</strong></li><li>Nemáte dokumentaci elektroinstalace, rozvodů, rozváděčů ?</li><li>Kusové zkoušky rozváděčů včetně štítku</li><li>Vypracujeme elektrotechnická schéma jednopólových, technologických, liniových, rozváděčů a instalačních výkresů</li></ul>



<h1 class="has-light-green-cyan-background-color has-background has-small-font-size"></h1>



<ul class="has-background" style="background:linear-gradient(135deg,rgb(255,245,203) 0%,rgb(182,227,212) 100%,rgb(51,167,181) 100%)"><li><strong>Půjčovna nářadí</strong></li><li><strong>vrtací, bourací kladiva atd.</strong></li><li><strong>fréza na drážkování zdiva</strong> <strong>IMPEX ST67</strong></li><li><strong>prodáváme elektromateriál</strong></li></ul>



<ul class="has-very-light-gray-to-cyan-bluish-gray-gradient-background has-background"><li><strong>Telefon: 606 442270</strong></li><li>e-mail: <a href="mailto:kubik-elektro@seznam.cz"><strong>kubik-elektro@seznam.cz</strong></a></li><li>Kuňovice 13</li><li>25765 Čechtice</li><li></li></ul>



<div class="wp-block-media-text alignwide"><figure class="wp-block-media-text__media"></figure><div class="wp-block-media-text__content">
<p></p>
</div></div>

<p>Kompletní domovní i průmyslové elektroinstalace a revize.&nbsp; Půjčovna nářadí. Revize v objektech tř. A, B  (prostory bez nebezpečí a s</p>
